te g(4).
0
Let q = -10 + 14. Let k(h) = 2*h - 6. Give k(q).
2
Let l(j) = j**2 + 6*j + 3. Let k be l(-6). Suppose 2*t = k*t + 2. Let n(i) = -i**2 + 3 + 0 - 5*i - 5. What is n(t)?
4
Suppose y - 2*u = 2, -y + 5*u - 2 = -2*y. Let b(h) = -3*h**2 + 0 - 4 + 1 + y. Calculate b(1).
-4
Let c(m) = m**3 - 5*m**2 - 6*m + 9. Suppose g = 3*g - 6. Suppose 2*t + 10 = g*t + 2*o, -2*t + 4*o = -4. Calculate c(t).
9
Let r(c) = c + 1. Let u(d) be the first derivative of -d**4/4 + 7*d**3/3 - 7*d**2/2 - 2*d + 2. Let x be u(5). Let n = x + -8. Give r(n).
6
Suppose -m = 0, 2*g + 3*m - 6*m - 6 = 0. Let f(i) = -2 + 1 + 5*i**2 + g*i**2. Suppose -c = v - 2*v + 1, -2*c = -5*v + 2. What is f(c)?
7
Let z(p) = 4*p**2 - 5*p + 8. Let y(r) = -11*r**2 + 16*r - 23. Let i(n) = -3*y(n) - 8*z(n). Suppose w = -d + 3, 2*d + 15 - 45 = 4*w. Calculate i(d).
-2
Let a(w) = 11*w**3 - 26*w**2 - 15*w - 16. Let n(b) = 7*b**3 - 17*b**2 - 10*b - 11. Let r(h) = -5*a(h) + 8*n(h). Calculate r(7).
6
Let k(h) = 1 + 10 - 1 + h. Let n = -408 - -408. Give k(n).
10
Let k be (-21)/(-28) + (-9)/(-4). Let r(b) = 3*b + 1. Calculate r(k).
10
Let s(f) be the third derivative of -f**4/12 - f**3/3 + 8*f**2. Let n = 5 - 3. Give s(n).
-6
Let g(r) = 2 - 26*r - 1 - 2 + 30*r. Calculate g(2).
7
Let s(d) = d**3 - 1 - d - 5 + 0*d**3 - 2*d**3. Let h be 1 + 3 + (-5 - -1). Determine s(h).
-6
Let f(n) = -n**3 + 5*n + 4. Let o = 29 + -32. What is f(o)?
16
Let s(u) be the third derivative of -u**6/120 + u**5/12 - 5*u**4/24 + u**3/3 + 10*u**2. What is s(3)?
5
Let k(z) = z**3 - 5*z**2 - 9*z + 8. Let v(j) = -2*j**3 + 10*j**2 + 18*j - 16. Let r(b) = -7*k(b) - 4*v(b). Determine r(6).
-10
Let o(i) = i**3 - 2*i**3 + 2 - 1 + i - 3*i**2 + 3. Determine o(-3).
1
Let q(c) be the second derivative of c**4/6 - c**3/3 + c**2/2 + 24*c. What is q(2)?
5
Let u = 8 + -12. Let d(v) = -v**2 - 6*v. What is d(u)?
8
Let s(h) = -1. Let u(y) = 3*y + 2. Let t(o) = 4*s(o) + u(o). Suppose -1 = -2*g + 3. Suppose -4*v = 4*w + 8, -w + 22 = -g*v - 3*v. Calculate t(w).
4
Let i(w) = -4 - 3*w + 5*w + 4*w + w**2 - w. What is i(-6)?
2
Suppose 4*r = 2*x + 8 - 2, 5*r = -5*x + 30. Let u(z) = 11*z**2 + 3. Let q(c) = -4*c**2 - 1. Let l(y) = 8*q(y) + 3*u(y). Give l(r).
10
Let i = 12 + -14. Let m(t) = -3*t**2 - 5*t - 3. Let d(f) = f**2 + f - 1. Let z(g) = i*d(g) - m(g). Give z(-4).
9
Let p(l) be the first derivative of -l**4/4 + l**3 + 3*l**2/2 - l - 1. Suppose 3*m - 8*m + 35 = 0. Let t = m - 4. Determine p(t).
8
Let v be ((-6)/(-10))/((-2)/(-10)). Let q = v + -1. Let r(l) = l + 1. Let a(y) = 10*y + 9. Let w(f) = q*a(f) - 18*r(f). What is w(1)?
2
Let z(q) = q + 1. Let c(s) = -s**3 - s**2 + s - 2. Let r(d) = c(d) + z(d). Let y be r(1). Let x be (2 + y)*1*3. Let k(h) = h**2 - 3*h - 4. Determine k(x).
-4
Let c(w) = w**3 + 3*w**2. Let y be c(-2). Let r(o) = 2*o**2 - 3*o + 14 - o**2 - 12 - 2*o. What is r(y)?
-2
Suppose 2*k = -2*k. Let l = k + 5. Let j(r) = -4*r**3 + 16*r**2 + 29*r + 33. Let z(p) = -p**3 + 4*p**2 + 7*p + 8. Let q(w) = -2*j(w) + 9*z(w). What is q(l)?
6
Let w = 3 - -1. Suppose w*j - 23 + 7 = 0. Let p(b) be the second derivative of -b**3/3 + 2*b**2 + 29*b. What is p(j)?
-4
Suppose -6 = -5*n + u, 4*n - 6*u + u + 12 = 0. Let o = n + 2. Let a(r) be the second derivative of -r**5/20 + r**4/3 + r**3/6 + 5*r**2/2 - 2*r. Calculate a(o).
9
Let w(k) = -3*k**2 - 2*k + 1. Suppose -v - 1 = -4*x + 9, 2*x = -3*v - 2. Determine w(v).
-7
Let n(w) = -2*w**2. Let h = 8 - 3. Suppose -2*z - 5*v = z + 19, h*z = -2*v. Calculate n(z).
-8
Let j(q) = q - 1. Let f(k) = -k + 3. Let u be f(4). Let z = 1 - u. Suppose z*t + 3*t + 8 = -d, 0 = t + 1. Determine j(d).
-4
Let l(p) = -2*p - p - 5*p + 4 - 2*p**2 + 5*p. Calculate l(-3).
-5
Let o(u) = -21*u**2 + u - 1. Let n(g) = g**2 - 7*g + 7. Let m be n(6). Calculate o(m).
-21
Let i be 19/6 - 1/6. Let w(b) = b**3 + b + 2*b**2 - 4*b - b**2 + 4 - 3*b**2. Let k be w(i). Let d(j) = 2*j - 2. Determine d(k).
6
Let a(n) = 2*n - 11. Let x(l) = l - 5. Let u(m) = -6*a(m) + 13*x(m). Let q = -28 - -34. Determine u(q).
7
Let o be ((-6)/(-2))/((-2)/(-4)). Let i(l) be the first derivative of -l**4/4 + 2*l**3 + l**2/2 - 8*l - 20. Determine i(o).
-2
Let n(y) = 4*y - 2 + 0*y - 3*y. Suppose -7 = l - 3*f, 5*l - f - 13 = 2*f. Suppose -1 = 2*u + 7, -l*x + 16 = u. Give n(x).
2
Let l(y) = 2*y**3 + y**2 + y. Let w be (-10)/15 + (-2)/6. Let v be l(w). Let q be v + -2*(-6)/4. Let f(z) = -4*z**3 - z**2 + 1. What is f(q)?
-4
Let f(g) be the third derivative of -g**5/60 - g**4/24 + 4*g**3/3 - 2*g**2. Let c be 2/1 + 0/(-2). Let i = -2 + c. Calculate f(i).
8
Let t(w) = -5 + 0 + 0 + 11*w. Let c(y) = -7*y + 3. Let v(n) = n**2 - 6*n - 3. Let x be v(5). Let d(g) = x*c(g) - 5*t(g). Give d(-4).
-3
Let t(n) = -11*n**3 + n. Suppose 0 = o, o - 1 = -m + 3*o. Calculate t(m).
-10
Let h(o) be the second derivative of o - 1/24*o**4 - 1/2*o**2 + 0 + 1/2*o**3. Let f(k) be the first derivative of h(k). What is f(5)?
-2
Let x(f) = -f**2 - 7*f - 6. Let r be (8/(-10))/((-8)/(-60)). Let o be x(r). Let a(l) = -l**2 - 7. Determine a(o).
-7
Let i(u) = u - 11. Let s(d) = -2*d - 6. Let v be s(-6). Let o be i(v). Let h(z) = z**2 + 9*z + 7. Give h(o).
-13
Suppose u - 2 = 2. Let q be (2/u)/(4/8). Let b(i) = 10*i. What is b(q)?
10
Let u(a) = 8*a**3 - 5*a**2 + 12*a - 23. Let o(k) = -3*k**3 + 2*k**2 - 4*k + 8. Let q(l) = -11*o(l) - 4*u(l). Calculate q(3).
1
Let o be (2 - -3) + (-96)/8. Let t(r) = -r - 5. Calculate t(o).
2
Let l(i) = -4*i + 14. Let v(s) = -s + 5. Let f(h) = 2*l(h) - 7*v(h). Determine f(-8).
1
Let l(k) = 3*k**2 + 1. Let a(q) = q**3 + 8*q**2 - 10*q - 8. Let v be a(-9). Calculate l(v).
4
Suppose -3*c = 9, -4*u - 4*c - 6 = -2. Let q = 3 - u. Let i(y) = 2 - 3 + 6*y - 4*y + 2*y**3. Determine i(q).
3
Let t(v) be the third derivative of v**5/60 + v**4/6 - v**3/6 + v**2. Determine t(-5).
4
Suppose 5*p - 2 = 4*p. Let a(h) = p*h**2 + 0*h**2 + 0 + 1 + 3*h**3 - 2*h + 4*h. Determine a(-1).
-2
Let z be ((-28)/(-12))/(((-2)/3)/2). Let d(n) = -n - 7. Determine d(z).
0
Let k(c) = c**3 - 7*c**2 + 6*c + 5. Suppose 0*l + l = 3*f - 20, -l = f - 4. Determine k(f).
5
Let k(f) = 2*f + 4. Let b = -15 + 10. What is k(b)?
-6
Let w be (-6)/(-14) - 53/(-7). Let z(i) = -i**2 + 8*i + 6. Let k be z(w). Let x(s) = s**3 - 5*s**2 - 5*s - 1. Determine x(k).
5
Let a(n) = n**2 - 6*n - 6. Let t(h) = -5 - h**2 + 5*h + 3 + 5 + 0*h. Let d be t(5). Suppose -2*g + 22 = 5*f, 2*f = -d*f + 4*g + 46. Calculate a(f).
-6
Let w(k) = k**2 - 4*k - 3. Let p(l) = 2*l**2 - 5*l - 4. Let z(h) = 3*p(h) - 4*w(h). Give z(-2).
6
Let h(k) = -k**2 - 6*k - 2. Let w be h(-6). Let v be -2 - (-16)/(4/w). Let y(o) = o + 10. Let z be y(v). Let l(m) = m + 2. What is l(z)?
2
Let t(y) = -y + y - y + 0*y**2 - 4*y**2. Let r(o) = -2*o - 5. Let i be r(-4). Suppose 1 = i*n - 4*n + w, 9 = 5*n + 2*w. Determine t(n).
-5
Let p(y) = -y**3 + 3*y**2 - 3*y + 1. Suppose 3 = -2*n - 5. Let w be (3/(-6)*n)/1. What is p(w)?
-1
Let g(i) = i + 5. Suppose 0 = 6*a - a - 40. Let o = a - 8. Determine g(o).
5
Let o(n) be the first derivative of -n**6/120 + n**5/12 - n**4/24 - 7*n**2/2 + 6. Let h(p) be the second derivative of o(p). Give h(5).
-5
Suppose j = -0*j. Let t(d) = 3*d**2 + 0*d + d**3 - 4*d + j*d + 2. What is t(-4)?
2
Let l(o) = 2*o**3 + 2*o**2 + o - 2. Let h = -14 + 23. Suppose 3*g - 3 = -h. Give l(g).
-12
Let l(z) = -z**2 + z + z**2 - z**2 + 1 - 4. Suppose 4*j + 3*s - 3 = 0, -2*s - 1 = 5. Give l(j).
-9
Let w(r) = r**2 - r - 6. Suppose 2*m + 5 - 3 = 2*j, 3*j = -m + 3. What is w(m)?
-6
Let b(g) = 1. Let x(f) = -7*f - 1. Let o(q) = -3*b(q) - x(q). Let w(k) = 3*k - 1. Let l(i) = 4*o(i) - 9*w(i). Determine l(-3).
-2
Let y(k) = -k**2 - k. Let r(s) = s**2 - 1. Let f(m) = 2*r(m) + 3*y(m). Calculate f(-4).
-6
Suppose 10 + 15 = -5*f. Let i(u) be the second derivative of 1/3*u**3 - 2*u + 7/2*u**2 + 0. Give i(f).
-3
Suppose -16 + 4 = 2*p. Let f be 35/6 - 1/p. Let o(u) = -u - 1. Give o(f).
-7
Let h(k) = k**2 + k. Let o(r) = -r. Let y(t) = -5*h(t) - 6*o(t). Calculate y(-1).
-6
Let f(c) = 2*c. Suppose 2*m - 2*h + 14 = 0, -2*h = -m + 2*m - 8. Determine f(m).
-4
Let b(i) = -i**3 + 2*i + 3. Let a be b(0). Let l(h) = -h**2 + 4*h - 3. What is l(a)?
0
Suppose -4*i = -i + 12. Suppose 5*k + 3*l = 41 - 14, 5*l - 29 = -3*k. Let c(d) = d**2 + d + k*d - 2*d - 3. What is c(i)?
5
Suppose 5*n = -2*n + 21. Le